5 (base 6) in base 12?
-2a5
What is -12023 (base 6) in base 8?
-3317
35110 (base 6) to base 7
20415
2782 (base 9) to base 10
2099
What is -31331 (base 4) in base 6?
-4045
What is -1118 (base 9) in base 7?
-2261
What is 110121 (base 3) in base 15?
17a
-2013332 (base 4) to base 5
-234302
Convert 10011110001111 (base 2) to base 9.
14802
What is -26552 (base 7) in base 13?
-3335
12642 (base 7) to base 9
4610
What is -100101020 (base 3) in base 10?
-6837
Convert -677 (base 11) to base 6.
-3430
Convert 237d (base 16) to base 3.
110110111
Convert 2163 (base 8) to base 5.
14024
Convert 212111 (base 6) to base 13.
7b67
3580 (base 12) to base 15
1ba0
Convert 4232 (base 7) to base 15.
698
Convert 100100110 (base 2) to base 7.
600
Convert 1111111101 (base 2) to base 5.
13041
What is 23a (base 16) in base 11?
479
What is -1384 (base 13) in base 3?
-10212011
What is b81 (base 16) in base 4?
232001
Convert -690a (base 12) to base 14.
-437c
What is 3016 (base 11) in base 6?
30322
Convert -21885 (base 10) to base 7.
-120543
Convert 4478 (base 16) to base 14.
6560
What is 35 (base 10) in base 14?
27
-12200201 (base 3) to base 5
-113100
-44524 (base 6) to base 3
-22120021
Convert 11111101100 (base 2) to base 13.
c00
Convert 1562 (base 9) to base 4.
102212
Convert -7e1 (base 16) to base 9.
-2681
Convert 1c9c (base 13) to base 11.
32a9
What is 101011010 (base 2) in base 5?
2341
-4120 (base 7) to base 16
-59b
-125f (base 16) to base 15
-15d8
Convert -20574 (base 9) to base 10.
-13594
-23155 (base 8) to base 2
-10011001101101
Convert 1111000110 (base 2) to base 8.
1706
5a0c (base 16) to base 7
124131
749 (base 12) to base 3
1110110
Convert -11001120 (base 3) to base 4.
-232032
-72d (base 14) to base 11
-1075
27547 (base 8) to base 15
38e0
111000101100 (base 2) to base 16
e2c
766 (base 8) to base 3
200121
Convert 327 (base 12) to base 11.
391
-113 (base 6) to base 16
-2d
Convert 2ff9 (base 16) to base 4.
2333321
What is a9 (base 12) in base 9?
153
Convert 2444020 (base 5) to base 13.
1838c
Convert -2470 (base 14) to base 4.
-1203202
-2535 (base 8) to base 4
-111131
aba (base 15) to base 2
100101111001
-4144 (base 9) to base 3
-11011111
Convert -13 (base 11) to base 8.
-16
What is -2012141 (base 5) in base 15?
-97eb
What is 212121 (base 3) in base 4?
21331
Convert 11114 (base 7) to base 4.
223310
2102022 (base 3) to base 4
123203
What is 1427a (base 11) in base 12?
b8b2
What is 419 (base 11) in base 9?
620
What is -1111001111011 (base 2) in base 6?
-100043
What is 6bc4 (base 13) in base 3?
202212000
What is b483 (base 12) in base 3?
1000000000
What is -3522 (base 8) in base 12?
-1102
What is -1001110011100 (base 2) in base 8?
-11634
What is -d98f (base 16) in base 10?
-55695
-25b8 (base 14) to base 12
-3a06
3520 (base 16) to base 3
200122201
-767 (base 12) to base 13
-658
Convert -1203313 (base 4) to base 16.
-18f7
What is 7722 (base 9) in base 4?
1120322
What is -22340 (base 5) in base 11?
-1220
Convert 38405 (base 11) to base 10.
55060
What is 201 (base 9) in base 13?
c7
205 (base 14) to base 13
247
-1101020010 (base 3) to base 2
-110101000000010
11000011 (base 2) to base 9
236
What is -3013 (base 6) in base 10?
-657
-23632 (base 10) to base 15
-7007
What is 34 (base 13) in base 7?
61
Convert 84 (base 9) to base 16.
4c
100110000111 (base 2) to base 14
c63
What is -7757 (base 10) in base 11?
-5912
2bc12 (base 13) to base 8
242604
Convert -232 (base 11) to base 10.
-277
3540 (base 6) to base 12
5b0
What is 8a8a (base 12) in base 2?
11110000001010
-10110001111 (base 2) to base 14
-739
Convert 22002 (base 3) to base 9.
262
Convert -52d (base 16) to base 9.
-1732
Convert 432010 (base 6) to base 13.
13185
Convert 10000 (base 4) to base 14.
144
-692 (base 15) to base 16
-5cf
What is 10110020 (base 3) in base 5?
40032
-5484 (base 10) to base 12
-3210
-d4d1 (base 15) to base 3
-2021200121
What is -225403 (base 6) in base 15?
-5b16
Convert -301031 (base 4) to base 2.
-110001001101
What is -1418 (base 11) in base 10?
-1834
Convert -212111101 (base 3) to base 15.
-511d
-250015 (base 6) to base 3
-1010020102
19aa0 (base 14) to base 5
4041322
Convert -3e30 (base 15) to base 9.
-20240
4c0 (base 15) to base 9
1430
Convert 285c (base 16) to base 14.
3aa0
-295 (base 15) to base 4
-21032
Convert 2241130 (base 5) to base 3.
2001002121
Convert -8a9 (base 14) to base 2.
-11010110101
Convert 32022 (base 5) to base 2.
100001011001
-19 (base 10) to base 5
-34
167 (base 8) to base 6
315
-2868 (base 13) to base 11
-4422
-c4a (base 14) to base 13
-1140
-311aa (base 11) to base 3
-2022102000
Convert -7 (base 8) to base 11.
-7
What is -10d2 (base 14) in base 6?
-21320
Convert 20033 (base 4) to base 11.
43a
Convert 1500 (base 6) to base 9.
480
100001101111101 (base 2) to base 16
437d
173 (base 11) to base 3
21110
Convert 15361 (base 8) to base 2.
1101011110001
122220 (base 4) to base 16
6a8
Convert 2211212 (base 3) to base 14.
a83
Convert -4220 (base 5) to base 7.
-1430
What is -234004 (base 5) in base 3?
-102211121
Convert 2afb (base 16) to base 14.
401d
-6670 (base 11) to base 15
-290e
What is -1a01 (base 11) in base 16?
-9ee
What is -4016 (base 8) in base 2?
-100000001110
-465 (base 8) to base 14
-181
7037 (base 9) to base 11
3950
14a (base 11) to base 12
127
Convert -10141 (base 5) to base 15.
-2eb
What is -522 (base 13) in base 6?
-4013
-742 (base 9) to base 12
-425
-547 (base 8) to base 6
-1355
Convert 19271 (base 11) to base 10.
26940
Convert 5d8 (base 15) to base 16.
530
-201 (base 4) to base 2
-100001
What is 223303 (base 4) in base 3?
10211211
Convert 20d (base 15) to base 13.
298
Convert 111101101000110 (base 2) to base 8.
75506
What is -22111 (base 4) in base 3?
-220111
Convert 17033 (base 9) to base 15.
36e9
-33555 (base 6) to base 8
-11217
-24141 (base 10) to base 8
-57115
Convert 1349 (base 12) to base 14.
b45
What is -2a09 (base 14) in base 16?
-1d21
2b (base 15) to base 14
2d
5388 (base 9) to base 14
1636
Convert -101100 (base 2) to base 9.
-48
What is -11682 (base 11) in base 15?
-4e93
Convert 11643 (base 7) to base 11.
2340
121000 (base 3) to base 10
432
What is -7d7 (base 14) in base 11?
-119a
11002301 (base 4) to base 11
1457a
Convert 2248 (base 11) to base 14.
1112
-1110111100 (base 2) to base 13
-587
Convert 10211013 (base 5) to base 10.
85133
7439 (base 10) to base 9
11175
Convert 4452 (base 7) to base 4.
121011
What is 10b15 (base 12) in base 3?
1010122022
What is -2468 (base 13) in base 14?
-1c44
110001111 (base 2) to base 13
249
What is 11112210 (base 4) in base 11?
15521
Convert -200450 (base 6) to base 5.
-1000401
Convert -16a (base 14) to base 15.
-145
8568 (base 10) to base 3
102202100
1220222 (base 3) to base 4
111323
-7976 (base 11) to base 8
-24371
Convert 1005 (base 6) to base 3.
22012
Convert -110101111010011 (base 2) to base 11.
-19814
Convert -dc1 (base 14) to base 4.
-222131
Convert -4014 (base 8) to base 3.
-2211022
Convert 347 (base 8) to base 5.
1411
What is 3e7f (base 16) in base 9?
23846
Convert 751 (base 16) to base 11.
1453
Convert 44808 (base 9) to base 13.
10757
What is -21301 (base 7) in base 4?
-1102231
What is 62177 (base 9) in base 12?
1b867
2212 (base 15) to base 11
5471
What is 2c1 (base 16) in base 12?
4a9
-103311 (base 4) to base 15
-599
Convert -2ba (base 12) to base 9.
-527
-ab2 (base 13) to base 10
-1835
a335 (base 12) to base 6
214105
Convert -24421 (base 5) to base 16.
-745
What is 13531 (base 7) in base 9?
5057
What is 31535 (base 7) in base 15?
24b2
Convert 112301 (base 4) to base 5.
21312
Convert -12103 (base 4) to base 12.
-297
Convert 1000031 (base 6) to base 14.
1301d
What is -1770 (base 8) in base 12?
-708
1104015 (base 6) to base 4
31200023
-179b (base 12) to base 8
-5447
What is -10000000010 (base 2) in base 12?
-716
-34010 (base 5) to base 11
-1874
1241 (base 12) to base 14
a77
-24063 (base 7) to base 3
-22112100
-10264 (base 7) to base 15
-b4a
Convert -772 (base 8) to base 5.
-4011
303304 (base 5) to base 2
10011001100101
2b69 (base 13) to base 16
18c4
Convert -367 (base 11) to base 7.
-1162
Convert -1111110011 (base 2) to base 12.
-703
Convert -1100 (base 6) to base 15.
-11c
-11125 (base 11) to base 6
-202344
What is 288 (base 12) in base 2?
110001000
Convert -630 (base 14) to base 6.
-5350
What is -5302 (base 6) in bas